?
-34
Calculate -71 + (152 - 179 - (-22 + -2)).
-74
(-81 - 1 - -49) + 30
-3
What is (-4 - (43 + 0 + 12)) + (-13 - -19)?
-53
Evaluate (-24 + 2 + 0 + 1 - -8) + -3.
-16
Calculate 4 - 1 - (8 + (16 - 6) + -10 - -6).
-11
What is 0 + 27 - (-1325 + 1289)?
63
Evaluate -38 - (-64 + -8 - -80).
-46
Calculate (1 - (-1 + 3) - (-9 - (24 - 37))) + 10.
5
What is -8 - (23 + -14 + -23) - 97?
-91
What is the value of (48 - -19 - (-1 - 9)) + (-6 - -14) + -5?
80
What is the value of (-9 - 94 - (2 + -7)) + (-26 - -4) + 24?
-96
Evaluate -39 + 1 + 1 + (9 - (-5 - (9 + -15))).
-29
(-240 - -253) + (1 - (0 + -1 - -5))
10
-7 + (-16 + -4 - -12 - (1 - 0))
-16
What is the value of 36 - (-35 - ((-10 - 27) + 12))?
46
What is 56 - -29 - (-11 - (0 + -8 + 1))?
89
What is the value of -9 + (23 - (35 + -28)) + 0?
7
What is the value of 12 - (115 - 42) - 29?
-90
What is (61 - (-88 + 90)) + -172?
-113
What is (-17 - -31) + -35 + 112 + -5?
86
What is the value of (-4 - (-6 + -28)) + (-2990 - -2995)?
35
What is the value of 2 - (101 + (130 - 260))?
31
20 + -101 + (74 - 71)
-78
Evaluate 22 + -83 + 18 + -3 + (1 + -1 - -9).
-37
What is -4 - (-12 + (5 - -20) - -5)?
-22
(-11 - -13) + 73 - 1 - (0 + -4 - 1)
79
Calculate (305 - 290) + (8 - -14) + 4 + 0 + -10.
31
What is the value of 1 - -12 - (72 + -96 + 61)?
-24
What is the value of 136 + 1 + 47 + -24 + -20 + 11 + -20?
131
-4 - (-49 - (511 + -505 - ((-1 - -6) + -1)))
47
Evaluate (8 - (119 + 7)) + (2 - (4 - -10 - 11)).
-119
Evaluate 31 - (-24 + 25 - (1 + 3)).
34
(-4 - -11) + (39 + -98 - -55)
3
What is the value of -38 + (66 + 3 + -41 - 20)?
-30
Calculate 920 - 960 - (-9 + -64).
33
What is the value of -68 - (-28 - 44) - (5 - (-2 + 0))?
-3
Evaluate -18 - (-23 + -30 + 31).
4
Calculate (-22 - 6) + 95 + 1 - 6.
62
-29 + (20 - 4) + (-15 - -21) + -22
-29
(59 - 47) + -56 + 29
-15
Calculate -32 + (-28 - (-34 + 67 + -44)).
-49
11 - (-27 - ((-15 - (-1 - 6)) + 21) - 0)
51
What is 16 + 46 + -130 - (-26 + 5)?
-47
What is the value of (83 + -14 + 18 + 9 - 12) + -15?
69
What is -100 + 125 + -73 + 90?
42
What is the value of -48 + (-13 - -26) - (60 + -118)?
23
Evaluate 1 - 24 - (8 + (-36 - -13)) - 67.
-75
What is 28 + (-3 - 11) + -17 - -4?
1
Calculate 82 + (131 + -256 - -119).
76
Calculate -42 + (-44 + 19 - -41) - -83.
57
Calculate -29 + -13 + 11 + 57.
26
Calculate 45 - (-1 + 0) - (-14 - (17 + -40)) - -6.
43
-95 + 2 + (-42 + 72 - 6)
-69
Evaluate -17 - (-15 + 19 + 4 + -13 - (-3 + 1)).
-14
What is the value of 10 + 64 + (-54 - -30)?
50
What is -5 + (11 + (-14 - -20) - 66)?
-54
Calculate 2 - -2 - (12 + (7 - (124 - (43 - 24)))).
90
What is the value of ((5 + -15 - 6) + 0 - 18) + 10?
-24
Evaluate (17 - 65) + 27 - (28 - -4 - 4).
-49
Calculate 3 - ((-13 - -17) + 17 - (10 - (-1 + 2))).
-9
Evaluate -13 + (14 - (-1 - -3)) - 0.
-1
Evaluate (3 - 2) + 94 - (-143 - (-88 + -58)).
92
What is -9 - (-32 - -15) - (-1 - 24)?
33
Calculate 6 + (-14 - 38) + 42.
-4
Evaluate (12 - ((1 - -19) + 217 + -220)) + 1.
-4
What is 10 + -7 - 5 - -25 - (-12 - 0)?
35
Evaluate -107 + -15 + (9 - (-67 + 31)).
-77
What is 41 + (-54 - -88) + -122?
-47
Calculate -4 + (-1 - (-6 + 2 + 4)) - (-1325 + 1346).
-26
What is the value of -3447 + 3479 - (1 + 1 + 3)?
27
Calculate 18 - 1 - ((-134 - -37) + 70).
44
Calculate 26 + 11 - (13 - 3 - (-1 + (-2 - -4))).
28
Evaluate -1170 + 1206 + (1 - 20).
17
What is (-9 - 5) + (2 - (-17 + 53)) + 14?
-34
What is 68 - 54 - (-5 - -7)?
12
Evaluate 89 - (7 + -6 + -6 + -3) - (-91 - -88).
100
What is 33 + (3 - (35 + 102))?
-101
(-7 - (-10 - 2)) + (46 + (3 - -5) - 8)
51
What is the value of 18 + (-10 - (14 + (-13 - -10))) - (58 + -2)?
-59
Evaluate -21 + (66 + -40 - 10).
-5
What is the value of -1 + 18 + -1 + (-16 - (-44 + 33))?
11
15696 + -15668 - ((1 - -42) + 0)
-15
Calculate -37 + 15 - (5 + 16 + -17).
-26
23 - (2 + -1) - (-28 - -10)
40
Calculate 0 + 20 + -42 + 12 - 83 - 4.
-97
(-2216 - -2248 - (101 + 1)) + 33
-37
Evaluate -55 + 17 + 18 + 4 + 58.
42
What is 32 - (342 - 313 - (-3 - 6))?
-6
Evaluate (-1 - (-13 + 12 + -1 + -5)) + 28 + 3.
37
-22 - (6 - (-47 + (21 - -7)))
-47
Evaluate -23 + 98 + (27 - (8 + 14)).
80
Evaluate -5 - (-1 - -9 - (384 + -354)).
17
Evaluate (6 + -40 - -31) + (3 - 7) + 36 + -2.
27
What is (-36 - -40) + 13 + -54?
-37
Calculate 96 + -34 + -40 + -76.
-54
What is the value of 46 + (-90 - -15) - -41?
12
What is (0 - -13) + (116 - 128) + 11?
12
-5 + -48 + 82 - 44
-15
(353 - 341) + (7 - (-2 + 4 + -1))
18
What is 1 + -113 + 4 + (-43 + 97 - 71)?
-125
Evaluate (69 - 65) + (9 + 13 - -68).
94
What is the value of 2333 - 2392 - (2 + -121)?
60
Calculate (1 - 76) + (153 - 110) + (3 - 44).
-73
What is (-78 - -76) + 63 - 43?
18
What is (-28 + 17 + (0 - -17) + -8 - -7) + -53?
-48
Calculate 9 - 10 - -15 - (-6 + -15).
35
What is (26 - 1) + (84 - 98) + (0 - (7 - 8))?
12
Evaluate -16 - (-8 + 4) - (8 + (15 - (88 - 24))).
29
Calculate (3 - 22) + 13 + (11 - 16).
-11
6 + 16 + -9 + -5 - (-25 - -15)
18
-25 + 34 - (7 - 27)
29
What is the value of 2 + 67 + -119 + -37?
-87
What is the value of 20 - ((-20 - -19) + -23) - 10?
34
Evaluate 70 + (-32 - -10) + -29.
19
-1 + 76 + -2 - (69 + -163 - -80)
87
25 - (61 + -54) - (95 - 19)
-58
Calculate 54 - 0 - (25 + (-2 - 5) + -6).
42
What is 6 + (-5 + -1 - 0) + -20 - (-6 + -4)?
-10
Evaluate -220 + 2 - (-6810 - -6697).
-105
Evaluate (9 - -1) + -12 + (-2 - 13) + 42.
25
What is the value of -142 + 56 + (5 - (4 - (15 - 6)))?
-76
Calculate -4306 - -4568 - (-3 + 136).
129
What is the value of 20 - (-44 + 9 - (29 - 43))?
41
What is (61 - (31 - 14)) + -18 + 5 + 1 + -3?
29
Evaluate (0 - -11) + -2 + (-8 + 8 + -6 - -1).
4
-5 + 1 + 5 + 1 - ((-19 - 0) + 104)
-83
What is -85 + (-161 + 119 - -43)?
-84
What is the value of -34 - (-2 + -31 - 10)?
9
What is the value of 55 - (-53 - -95) - 88?
-75
Evaluate (-3 - 30) + 10 + 76.
53
Calculate (21 - (18 - -52)) + 92.
43
-10 + ((-25 - -14) + 3 - (-8 - (3 - 3)))
-10
(7 + -5 - -52) + (-19 - -55) + -32
58
What is -6 - ((1 - 21) + (-7 - (69 - -3)))?
93
Evaluate (-24 - -37) + 1 + -80 + (-8 - -10).
-64
What is the value of -7 - 21 - (10 - (-5 - -5))?
-38
Evaluate -12 + -11 + 8 + 6 + -18 + 8.
-19
What is -23 - (-6 - ((159 - 146) + -15 + 1))?
-18
Evaluate -1 + (-30 - 14) + 34 - (5 - (0 - 1)).
-17
What is (-25 + 52 - 55) + -8?
-36
What is the value of (34 + (-14 - -21) - -23) + -11?
53
Evaluate (-21 + 11 + (4 - 16) - -9) + -34.
-47
Calculate -18 + (-95 - 5) - (-3 + -11 + (3 - -4)).
-111
Evaluate 2 + 0 + -1 - 9 - (-38 + 244 - 205).
-9
Evaluate -9 + -23 - (-6 + 21 - -6).
-53
-259 + 252 - (-1 + (-10 - -7 - (-2 - 92)))
-97
Evaluate -52 - (-26 + 52 - 79).
1
Calculate 19 - (10 + 5 - (-10 + 2)).
-4
What is the value of 15 + (-11 - -20) - 3 - 9 - -48?
60
Calculate 2 + -12 - (16 + 6 + 0 + -22) - -104.
94
-19 + (26 + 6 + 1 - 11)
3
Evaluate (53 - (47 + 19)) + 2.
-11
5 - (67 + 2) - -15
-49
212 + -282 - (15 + 7 - 7)
-85
What is the value of -53 - (-95 + 66 - (2 + -14)) - (-6 + 1)?
-31
Evaluate (-76 - 29 - -101) + -5 + 7 + -28.
-30
What is 2 + (-2 - -8) + 119 + (-121 - -46)?
52
Calculate 25 - (54 + (24 - (27 + -26))).
-52
What is -1264 - -1300 - (63 + -1)?
-26
Evaluate 10 + (10 + -60 - 7 - (1 + -11)).
-37
42 + -16 + (10 - (0 - -8))
28
((12 - 6) + (5 - 3) - (4 - -5)) + 48
47
Evaluate -11 + 14 + (216 + -59 - (4 - -2)).
154
Calculate 23 + -26 - (-97 + 125).
-31
-139 + -2 - (-4393 - -4325)
-73
What is the value of -13 + (26 - ((-19 - -22) + 11)) + 74?
73
Calculate -89 + 2 + 12 - (4 - (-5 + 22 + -6)).
-68
8 + (0 + -6 + 5 - -8) + (-62 - -7)
-40
What is (-83 - (-1 + -11 - 5 - -39)) + -7?
-112
What is -47 - 2 - (-12 + 12 + -26)?
-23
What is (12103 - 12033) + (-60 - -2)?
12
Evaluate (0 - 10) + (0 + 2 + -7 - (-1862 - -1866)).
-19
Calculate (23 - 8 - (48 - 165)) + -19.
113
What is (4 - ((-3 - -17 - 24) + 5) - 18) + -90?
-99
What is (-5 - -1 - (41 + -47)) + (157 - 50)?
109
Calculate -30 + (41 - 47) - -21.
-15
Calculate 3 - ((6 - (-13 - (-3 + -5))) + 31).
-39
Evaluate -4 + 0 + -2 - (-36 - (-5 + (7 - 10))).
22
What is the value of -76 + -13 + 100 + -16?
-5
What is 58 + 21 - (13 + 13 + (0 - 14))?
67
-91 + -84 + 189 + -64
-50
What is the value of -15 + 0 + (136 - (231 + -135))?
25
What is -32 + -6 + (2 - (-11 + 5)) + -4 + 2?
-32
What is 24 + (-76 - (-9 + (10 - -8)))?
-61
What is -1 + -5 - (31 + -49) - (1 + 4)?
7
Calculate -44 + 4 + 16 + -15.
-39
What is 72 + 